{"id":2414,"date":"2023-10-14T21:04:20","date_gmt":"2023-10-14T19:04:20","guid":{"rendered":"http:\/\/localhost\/saharatradings\/?post_type=product&#038;p=2414"},"modified":"2023-10-14T21:06:30","modified_gmt":"2023-10-14T19:06:30","slug":"comet-f2r-flashback-arrestor-fuel","status":"publish","type":"product","link":"https:\/\/saharatradings.com\/index.php\/produit\/comet-f2r-flashback-arrestor-fuel\/","title":{"rendered":"COMET F2R FLASHBACK ARRESTOR, FUEL"},"content":{"rendered":"<p>COMET F2R FLASHBACK ARRESTOR, FUEL<\/p>\n<p>&nbsp;<\/p>\n<p><strong>SKU: 308735<\/strong><\/p>\n<p><strong>\u00a0<\/strong><\/p>\n<p>Con\u00e7u pour le raccordement \u00e0 la sortie des r\u00e9gulateurs et des canalisations dans les applications \u00e0 d\u00e9bit moyen. Clapet anti-retour. Grand pare-flammes cylindrique en acier inoxydable. Capacit\u00e9 d\u00e9bit moyen. Livr\u00e9 avec un filtre d&rsquo;entr\u00e9e. La temp\u00e9rature a activ\u00e9 la vanne d&rsquo;arr\u00eat. Conforme \u00e0 AS4603. Conforme \u00e0 EN730\/DIN 8521, UL, ISO 5175 classe I (raccords selon AS4267-1995). Test\u00e9 par BAM. NB : le thermique [\u2026]<\/p>\n<p>&nbsp;<\/p>\n","protected":false},"excerpt":{"rendered":"<p>COMET F2R FLASHBACK ARRESTOR, FUEL &nbsp; SKU: 308735 \u00a0 Con\u00e7u pour le raccordement \u00e0 la sortie des r\u00e9gulateurs et des canalisations dans les applications \u00e0 d\u00e9bit moyen. Clapet anti-retour. Grand pare-flammes cylindrique en acier inoxydable. Capacit\u00e9 d\u00e9bit moyen. Livr\u00e9 avec un filtre d&rsquo;entr\u00e9e. La temp\u00e9rature a activ\u00e9 la vanne d&rsquo;arr\u00eat. Conforme \u00e0 AS4603. Conforme \u00e0 [&hellip;]<\/p>\n","protected":false},"featured_media":2415,"comment_status":"open","ping_status":"closed","template":"","meta":[],"product_brand":[],"product_cat":[47],"product_tag":[],"class_list":{"0":"post-2414","1":"product","2":"type-product","3":"status-publish","4":"has-post-thumbnail","6":"product_cat-materiels-de-soudage","8":"first","9":"instock","10":"taxable","11":"shipping-taxable","12":"product-type-simple"},"_links":{"self":[{"href":"https:\/\/saharatradings.com\/index.php\/wp-json\/wp\/v2\/product\/2414","targetHints":{"allow":["GET"]}}],"collection":[{"href":"https:\/\/saharatradings.com\/index.php\/wp-json\/wp\/v2\/product"}],"about":[{"href":"https:\/\/saharatradings.com\/index.php\/wp-json\/wp\/v2\/types\/product"}],"replies":[{"embeddable":true,"href":"https:\/\/saharatradings.com\/index.php\/wp-json\/wp\/v2\/comments?post=2414"}],"version-history":[{"count":0,"href":"https:\/\/saharatradings.com\/index.php\/wp-json\/wp\/v2\/product\/2414\/revisions"}],"wp:featuredmedia":[{"embeddable":true,"href":"https:\/\/saharatradings.com\/index.php\/wp-json\/wp\/v2\/media\/2415"}],"wp:attachment":[{"href":"https:\/\/saharatradings.com\/index.php\/wp-json\/wp\/v2\/media?parent=2414"}],"wp:term":[{"taxonomy":"product_brand","embeddable":true,"href":"https:\/\/saharatradings.com\/index.php\/wp-json\/wp\/v2\/product_brand?post=2414"},{"taxonomy":"product_cat","embeddable":true,"href":"https:\/\/saharatradings.com\/index.php\/wp-json\/wp\/v2\/product_cat?post=2414"},{"taxonomy":"product_tag","embeddable":true,"href":"https:\/\/saharatradings.com\/index.php\/wp-json\/wp\/v2\/product_tag?post=2414"}],"curies":[{"name":"wp","href":"https:\/\/api.w.org\/{rel}","templated":true}]}}