{"id":2411,"date":"2023-10-14T21:00:15","date_gmt":"2023-10-14T19:00:15","guid":{"rendered":"http:\/\/localhost\/saharatradings\/?post_type=product&#038;p=2411"},"modified":"2023-10-14T21:03:35","modified_gmt":"2023-10-14T19:03:35","slug":"comet-edge-ess4-inert-gases-regulator-1000kpa","status":"publish","type":"product","link":"https:\/\/saharatradings.com\/index.php\/produit\/comet-edge-ess4-inert-gases-regulator-1000kpa\/","title":{"rendered":"COMET EDGE ESS4 INERT GASES REGULATOR 1000KPA"},"content":{"rendered":"<p>COMET EDGE ESS4 INERT GASES REGULATOR 1000KPA<\/p>\n<p>&nbsp;<\/p>\n<p><strong>SKU: 301801<\/strong><\/p>\n<p><strong>\u00a0<\/strong><\/p>\n<p>Avec l&rsquo;\u00e9largissement de la gamme de d\u00e9tendeurs COMET EDGE, CIGWELD peut d\u00e9sormais proposer un d\u00e9tendeur EDGE adapt\u00e9 \u00e0 la majorit\u00e9 des gaz industriels. La conception de r\u00e9gulateur la plus avanc\u00e9e introduite sur le march\u00e9 depuis 20 ans. Les r\u00e9gulateurs sont cod\u00e9s par couleur pour une identification facile du gaz. Jauges faciles \u00e0 lire int\u00e9grant des segments color\u00e9s pour faciliter le r\u00e9glage correct.<\/p>\n<p><em>\u00a0<\/em><\/p>\n<p>&nbsp;<\/p>\n","protected":false},"excerpt":{"rendered":"<p>COMET EDGE ESS4 INERT GASES REGULATOR 1000KPA &nbsp; SKU: 301801 \u00a0 Avec l&rsquo;\u00e9largissement de la gamme de d\u00e9tendeurs COMET EDGE, CIGWELD peut d\u00e9sormais proposer un d\u00e9tendeur EDGE adapt\u00e9 \u00e0 la majorit\u00e9 des gaz industriels. La conception de r\u00e9gulateur la plus avanc\u00e9e introduite sur le march\u00e9 depuis 20 ans. Les r\u00e9gulateurs sont cod\u00e9s par couleur pour [&hellip;]<\/p>\n","protected":false},"featured_media":2413,"comment_status":"open","ping_status":"closed","template":"","meta":[],"product_brand":[],"product_cat":[47],"product_tag":[],"class_list":{"0":"post-2411","1":"product","2":"type-product","3":"status-publish","4":"has-post-thumbnail","6":"product_cat-materiels-de-soudage","8":"first","9":"instock","10":"taxable","11":"shipping-taxable","12":"product-type-simple"},"_links":{"self":[{"href":"https:\/\/saharatradings.com\/index.php\/wp-json\/wp\/v2\/product\/2411","targetHints":{"allow":["GET"]}}],"collection":[{"href":"https:\/\/saharatradings.com\/index.php\/wp-json\/wp\/v2\/product"}],"about":[{"href":"https:\/\/saharatradings.com\/index.php\/wp-json\/wp\/v2\/types\/product"}],"replies":[{"embeddable":true,"href":"https:\/\/saharatradings.com\/index.php\/wp-json\/wp\/v2\/comments?post=2411"}],"version-history":[{"count":0,"href":"https:\/\/saharatradings.com\/index.php\/wp-json\/wp\/v2\/product\/2411\/revisions"}],"wp:featuredmedia":[{"embeddable":true,"href":"https:\/\/saharatradings.com\/index.php\/wp-json\/wp\/v2\/media\/2413"}],"wp:attachment":[{"href":"https:\/\/saharatradings.com\/index.php\/wp-json\/wp\/v2\/media?parent=2411"}],"wp:term":[{"taxonomy":"product_brand","embeddable":true,"href":"https:\/\/saharatradings.com\/index.php\/wp-json\/wp\/v2\/product_brand?post=2411"},{"taxonomy":"product_cat","embeddable":true,"href":"https:\/\/saharatradings.com\/index.php\/wp-json\/wp\/v2\/product_cat?post=2411"},{"taxonomy":"product_tag","embeddable":true,"href":"https:\/\/saharatradings.com\/index.php\/wp-json\/wp\/v2\/product_tag?post=2411"}],"curies":[{"name":"wp","href":"https:\/\/api.w.org\/{rel}","templated":true}]}}