{"id":2347,"date":"2023-10-13T20:00:57","date_gmt":"2023-10-13T18:00:57","guid":{"rendered":"http:\/\/localhost\/saharatradings\/?post_type=product&#038;p=2347"},"modified":"2023-10-13T20:03:22","modified_gmt":"2023-10-13T18:03:22","slug":"respirateur-de-securite-integral-anti-chimique-gm8100","status":"publish","type":"product","link":"https:\/\/saharatradings.com\/index.php\/produit\/respirateur-de-securite-integral-anti-chimique-gm8100\/","title":{"rendered":"Respirateur de s\u00e9curit\u00e9 int\u00e9gral anti-chimique GM8100"},"content":{"rendered":"<div>\u00a0Porte-masque Gel de silice liquide confortable<\/div>\n<div>Protecteur facial PC \u00e0 large vue anti-bu\u00e9e<\/div>\n<div>Filtre Filtre \u00e0 charbon rempla\u00e7able<\/div>\n<div>Bande Bandeau \u00e9lastique ajustable<\/div>\n<div>Forme Conception de respirateur \u00e0 visage complet<\/div>\n<div>Norme GB2890-2009<\/div>\n<div>Candidature Application : Chimie, construction, travaux routiers et du b\u00e2timent, travail du bois, exploitation mini\u00e8re,\u00a0 Moulage, meulage, industrie alimentaire et de nettoyage, \u00e9lectronique, lieux de travail les plus poussi\u00e9reux, etc.<\/div>\n<div><\/div>\n<div>\u00ab\u00a0Instruction d&rsquo;utilisateurs :<\/div>\n<div><\/div>\n<div><\/div>\n<div><\/div>\n<div>1.) INSTRUCTIONS DE MONTAGE\uff1a<\/div>\n<div><\/div>\n<div>\u26ab\u00a0 Ce respirateur est un appareil \u00e0 double filtrage.Veuillez assembler deux filtres avant de les porter.<\/div>\n<div><\/div>\n<div>\u26ab\u00a0 Desserrez les sangles \u00e9lastiques.Placez la suspension du berceau sur la couronne de votre t\u00eate.<\/div>\n<div><\/div>\n<div>\u26ab\u00a0 Saisissez l&rsquo;avant de la pi\u00e8ce faciale et placez la pi\u00e8ce faciale sur votre bouche et votre nez, puis saisissez les sangles \u00e9lastiques inf\u00e9rieures du bandeau et attachez-les derri\u00e8re le cou.<\/div>\n<div><\/div>\n<div>\u26ab\u00a0 Tirez uniform\u00e9ment sur les sangles sup\u00e9rieures et les sangles inf\u00e9rieures jusqu&rsquo;\u00e0 ce que le respirateur soit bien ajust\u00e9 et confortablement contre votre visage.Si n\u00e9cessaire, r\u00e9ajustez les sangles.<\/div>\n<div><\/div>\n<div><\/div>\n<div><\/div>\n<div>2.) LIMIT\u00c9 \u00c0 UTILISER :<\/div>\n<div><\/div>\n<div>\u26ab Ce respirateur ne fournit pas d&rsquo;oxyg\u00e8ne.Veuillez ne pas utiliser dans des atmosph\u00e8res contenant moins de 18 % d&rsquo;oxyg\u00e8ne.<\/div>\n<div><\/div>\n<div>\u26ab N&rsquo;utilisez pas ce respirateur dans de l&rsquo;air enrichi en oxyg\u00e8ne.Il devient dangereux lorsque la concentration augmente.Il n&rsquo;y a pas de limite nette, m\u00eame quelques pour cent de plus augmentent le risque.Les incendies dans une atmosph\u00e8re enrichie en oxyg\u00e8ne se d\u00e9clenchent facilement avec des \u00e9tincelles \u00e9lectrostatiques et sont tr\u00e8s intenses.<\/div>\n<div><\/div>\n<div>\u26ab N&rsquo;utilisez pas ce filtre en atmosph\u00e8re explosive.<\/div>\n<div><\/div>\n<div>\u26ab Ne pas utiliser lorsque les concentrations de contaminants sont imm\u00e9diatement dangereuses pour la vie et la sant\u00e9, ou des contaminants inconnus ;<\/div>\n<div><\/div>\n<div>\u26ab N&rsquo;abusez pas ou ne faites pas un mauvais usage de ce respirateur.<\/div>\n<div><\/div>\n<div>\u26ab Les barbes\/moustaches au niveau de la zone d&rsquo;\u00e9tanch\u00e9it\u00e9 du masque peuvent provoquer des fuites.Par cons\u00e9quent, il est peu probable que les exigences en mati\u00e8re de fuite soient satisfaites si ces poils faciaux passent sous le joint facial.Assurez-vous toujours que le respirateur forme un joint \u00e9tanche et que les cartouches et\/ou les filtres sont fix\u00e9s avant d&rsquo;entrer dans une atmosph\u00e8re dangereuse.<\/div>\n<div><\/div>\n<div><\/div>\n<div><\/div>\n<div>3.) DUR\u00c9E DE VIE<\/div>\n<div><\/div>\n<div>On peut s&rsquo;attendre \u00e0 ce que le respirateur reste en service pendant 3 ans ou plus, lorsqu&rsquo;il est en bon \u00e9tat de stockage.<\/div>\n<div><\/div>\n<div><\/div>\n<div><\/div>\n<div>4.) NETTOYAGE ET ENTRETIEN<\/div>\n<div><\/div>\n<div>\u26abLe nettoyage est recommand\u00e9 apr\u00e8s utilisation ;Retirez les cartouches ou les filtres avant\u00a0 nettoyage.<\/div>\n<div><\/div>\n<div>\u26abNettoyez la pi\u00e8ce faciale (\u00e0 l&rsquo;exception des cartouches et des filtres) avec de l&rsquo;alcool de qualit\u00e9 m\u00e9dicale et laissez s\u00e9cher \u00e0 temp\u00e9rature ambiante.<\/div>\n<div><\/div>\n<div><\/div>\n<div><\/div>\n<div>5.) STOCKAGE<\/div>\n<div><\/div>\n<div>Le respirateur nettoy\u00e9 doit \u00eatre rang\u00e9 dans son emballage d&rsquo;origine ou dans une bo\u00eete \u00e0 l&rsquo;\u00e9cart des zones contamin\u00e9es lorsqu&rsquo;il n&rsquo;est pas utilis\u00e9.N&rsquo;oubliez pas de toujours stocker \u00e0 l&rsquo;abri de la lumi\u00e8re directe du jour ou de toute source de chaleur.<\/div>\n<div><\/div>\n<div>\u00ab\u00a0<\/div>\n<div><\/div>\n<p>&nbsp;<\/p>\n","protected":false},"excerpt":{"rendered":"<p>\u00a0Porte-masque Gel de silice liquide confortable Protecteur facial PC \u00e0 large vue anti-bu\u00e9e Filtre Filtre \u00e0 charbon rempla\u00e7able Bande Bandeau \u00e9lastique ajustable Forme Conception de respirateur \u00e0 visage complet Norme GB2890-2009 Candidature Application : Chimie, construction, travaux routiers et du b\u00e2timent, travail du bois, exploitation mini\u00e8re,\u00a0 Moulage, meulage, industrie alimentaire et de nettoyage, \u00e9lectronique, lieux [&hellip;]<\/p>\n","protected":false},"featured_media":2348,"comment_status":"open","ping_status":"closed","template":"","meta":[],"product_brand":[],"product_cat":[46,58],"product_tag":[],"class_list":{"0":"post-2347","1":"product","2":"type-product","3":"status-publish","4":"has-post-thumbnail","6":"product_cat-equipement-de-protection-individuelles","7":"product_cat-protection-respiratoire","9":"first","10":"instock","11":"taxable","12":"shipping-taxable","13":"product-type-simple"},"_links":{"self":[{"href":"https:\/\/saharatradings.com\/index.php\/wp-json\/wp\/v2\/product\/2347","targetHints":{"allow":["GET"]}}],"collection":[{"href":"https:\/\/saharatradings.com\/index.php\/wp-json\/wp\/v2\/product"}],"about":[{"href":"https:\/\/saharatradings.com\/index.php\/wp-json\/wp\/v2\/types\/product"}],"replies":[{"embeddable":true,"href":"https:\/\/saharatradings.com\/index.php\/wp-json\/wp\/v2\/comments?post=2347"}],"version-history":[{"count":0,"href":"https:\/\/saharatradings.com\/index.php\/wp-json\/wp\/v2\/product\/2347\/revisions"}],"wp:featuredmedia":[{"embeddable":true,"href":"https:\/\/saharatradings.com\/index.php\/wp-json\/wp\/v2\/media\/2348"}],"wp:attachment":[{"href":"https:\/\/saharatradings.com\/index.php\/wp-json\/wp\/v2\/media?parent=2347"}],"wp:term":[{"taxonomy":"product_brand","embeddable":true,"href":"https:\/\/saharatradings.com\/index.php\/wp-json\/wp\/v2\/product_brand?post=2347"},{"taxonomy":"product_cat","embeddable":true,"href":"https:\/\/saharatradings.com\/index.php\/wp-json\/wp\/v2\/product_cat?post=2347"},{"taxonomy":"product_tag","embeddable":true,"href":"https:\/\/saharatradings.com\/index.php\/wp-json\/wp\/v2\/product_tag?post=2347"}],"curies":[{"name":"wp","href":"https:\/\/api.w.org\/{rel}","templated":true}]}}