{"id":2311,"date":"2023-10-13T19:00:27","date_gmt":"2023-10-13T17:00:27","guid":{"rendered":"http:\/\/localhost\/saharatradings\/?post_type=product&#038;p=2311"},"modified":"2023-10-13T19:03:08","modified_gmt":"2023-10-13T17:03:08","slug":"fw43-derby-steelite-kumo-s3","status":"publish","type":"product","link":"https:\/\/saharatradings.com\/index.php\/produit\/fw43-derby-steelite-kumo-s3\/","title":{"rendered":"FW43 &#8211; DERBY STEELITE KUMO S3"},"content":{"rendered":"<p><strong>FW43 &#8211; Derby Steelite Kumo S3<\/strong><\/p>\n<p><strong>Noir<\/strong><\/p>\n<p>&nbsp;<\/p>\n<p><strong>Description<\/strong><\/p>\n<p>Chaussure basse exceptionnelle avec une r\u00e9sistance sup\u00e9rieure \u00e0 l&rsquo;eau. De conception l\u00e9g\u00e8re, solide et souple vous permet de travailler en confort. L&#8217;embout et l\u2019intercalaire en acier vous assurent que vos pieds sont \u00e0 l&rsquo;abri de l&rsquo;impact et de la perforation.<\/p>\n<h3>Caract\u00e9ristiques<\/h3>\n<p>\uf0b7\u00a0 col double pour plus de confort<\/p>\n<p>\uf0b7\u00a0 coquille acier<\/p>\n<p>\uf0b7\u00a0 Semelle acier anti-perforation<\/p>\n<p>\uf0b7\u00a0 Chaussures anti-statique<\/p>\n<p>\uf0b7\u00a0 SRC &#8211; Semelle ext\u00e9rieure antid\u00e9rapante pour emp\u00eacher les glissades et les tr\u00e9buchements sur les surfaces en c\u00e9ramique et en acier<\/p>\n<p>\uf0b7\u00a0 Tige r\u00e9sistante \u00e0 l&rsquo;eau pour emp\u00eacher la p\u00e9n\u00e9tration de l&rsquo;eau<\/p>\n<p>\uf0b7\u00a0 Certifi\u00e9 CE<\/p>\n<p>\uf0b7\u00a0 marqu\u00e9 UKCA<\/p>\n<p>\uf0b7\u00a0 Talon avec absorption d&rsquo;\u00e9nergie<\/p>\n<p>\uf0b7\u00a0 semelle resistant aux huiles et hydrocarbures<\/p>\n<p>\uf0b7\u00a0 Semelle double densit\u00e9<\/p>\n<h3>Mati\u00e8res<\/h3>\n<p><strong>Tige:<\/strong>\u00a0Cuir de buffle hydrofuge<br \/>\n<strong>Semelle:<\/strong>\u00a0PU\/PU<\/p>\n","protected":false},"excerpt":{"rendered":"<p>FW43 &#8211; Derby Steelite Kumo S3 Noir &nbsp; Description Chaussure basse exceptionnelle avec une r\u00e9sistance sup\u00e9rieure \u00e0 l&rsquo;eau. De conception l\u00e9g\u00e8re, solide et souple vous permet de travailler en confort. L&#8217;embout et l\u2019intercalaire en acier vous assurent que vos pieds sont \u00e0 l&rsquo;abri de l&rsquo;impact et de la perforation. Caract\u00e9ristiques \uf0b7\u00a0 col double pour plus [&hellip;]<\/p>\n","protected":false},"featured_media":2312,"comment_status":"open","ping_status":"closed","template":"","meta":[],"product_brand":[],"product_cat":[46,56],"product_tag":[],"class_list":{"0":"post-2311","1":"product","2":"type-product","3":"status-publish","4":"has-post-thumbnail","6":"product_cat-equipement-de-protection-individuelles","7":"product_cat-protection-des-pieds","9":"first","10":"instock","11":"taxable","12":"shipping-taxable","13":"product-type-simple"},"_links":{"self":[{"href":"https:\/\/saharatradings.com\/index.php\/wp-json\/wp\/v2\/product\/2311","targetHints":{"allow":["GET"]}}],"collection":[{"href":"https:\/\/saharatradings.com\/index.php\/wp-json\/wp\/v2\/product"}],"about":[{"href":"https:\/\/saharatradings.com\/index.php\/wp-json\/wp\/v2\/types\/product"}],"replies":[{"embeddable":true,"href":"https:\/\/saharatradings.com\/index.php\/wp-json\/wp\/v2\/comments?post=2311"}],"version-history":[{"count":0,"href":"https:\/\/saharatradings.com\/index.php\/wp-json\/wp\/v2\/product\/2311\/revisions"}],"wp:featuredmedia":[{"embeddable":true,"href":"https:\/\/saharatradings.com\/index.php\/wp-json\/wp\/v2\/media\/2312"}],"wp:attachment":[{"href":"https:\/\/saharatradings.com\/index.php\/wp-json\/wp\/v2\/media?parent=2311"}],"wp:term":[{"taxonomy":"product_brand","embeddable":true,"href":"https:\/\/saharatradings.com\/index.php\/wp-json\/wp\/v2\/product_brand?post=2311"},{"taxonomy":"product_cat","embeddable":true,"href":"https:\/\/saharatradings.com\/index.php\/wp-json\/wp\/v2\/product_cat?post=2311"},{"taxonomy":"product_tag","embeddable":true,"href":"https:\/\/saharatradings.com\/index.php\/wp-json\/wp\/v2\/product_tag?post=2311"}],"curies":[{"name":"wp","href":"https:\/\/api.w.org\/{rel}","templated":true}]}}