{"id":2309,"date":"2023-10-13T18:57:21","date_gmt":"2023-10-13T16:57:21","guid":{"rendered":"http:\/\/localhost\/saharatradings\/?post_type=product&#038;p=2309"},"modified":"2023-10-13T18:59:38","modified_gmt":"2023-10-13T16:59:38","slug":"fe05-chaussures-girder-composite-mid-s3s-esd-sr-fo","status":"publish","type":"product","link":"https:\/\/saharatradings.com\/index.php\/produit\/fe05-chaussures-girder-composite-mid-s3s-esd-sr-fo\/","title":{"rendered":"FE05 &#8211; CHAUSSURES GIRDER COMPOSITE MID S3S ESD SR FO"},"content":{"rendered":"<h2>CODE PRODUIT\u00a0;FE05 &#8211; Chaussures Girder Composite Mid S3S ESD SR FO<\/h2>\n<h2>Description<\/h2>\n<p>Dot\u00e9 d&rsquo;une semelle ext\u00e9rieure r\u00e9sistante \u00e0 la chaleur, de propri\u00e9t\u00e9s ESD et d&rsquo;une excellente r\u00e9sistance au glissement. Elle est dot\u00e9e d&rsquo;un syst\u00e8me de la\u00e7age innovant pour un serrage plus rapide et un d\u00e9gagement rapide. La tige est compos\u00e9e d&rsquo;un textile r\u00e9sistant aux coupures &#8211; niveau A &#8211; associ\u00e9 \u00e0 un pare-chocs d&rsquo;orteil tr\u00e8s r\u00e9sistant \u00e0 l&rsquo;abrasion et \u00e0 une partie arri\u00e8re en TPU.<\/p>\n<h3>Caract\u00e9ristiques<\/h3>\n<ul>\n<li>Coquille Composite<\/li>\n<li>Semelle composite anti perforation<\/li>\n<li>Convient pour une utilisation dans des environnements ESD<\/li>\n<li>Chaussures anti-statique<\/li>\n<li>semelle resistant aux huiles et hydrocarbures<\/li>\n<li>Talon avec absorption d&rsquo;\u00e9nergie<\/li>\n<li>Tige r\u00e9sistante \u00e0 l&rsquo;eau pour emp\u00eacher la p\u00e9n\u00e9tration de l&rsquo;eau<\/li>\n<li>Semelle double densit\u00e9<\/li>\n<li>Slip resistant outsole<\/li>\n<li>Semelle ext\u00e9rieure r\u00e9sistante \u00e0 la chaleur 300\u00baC<\/li>\n<li>Tirette arri\u00e8re pour faciliter la mise en place du pied<\/li>\n<li>\u00c9tiquette r\u00e9fl\u00e9chissante pour une visibilit\u00e9 accrue<\/li>\n<li>col double pour plus de confort<\/li>\n<li>Embout de protection contre les \u00e9raflures<\/li>\n<li>Certifi\u00e9 CE<\/li>\n<li>marqu\u00e9 UKCA<\/li>\n<\/ul>\n<h3>Mati\u00e8res<\/h3>\n<h2><strong>Tige:<\/strong>\u00a0Textile r\u00e9sistant \u00e0 l&rsquo;usure<br \/>\n<strong>Semelle:<\/strong>\u00a0PU\/PU<\/h2>\n<p>&nbsp;<\/p>\n","protected":false},"excerpt":{"rendered":"<p>CODE PRODUIT\u00a0;FE05 &#8211; Chaussures Girder Composite Mid S3S ESD SR FO Description Dot\u00e9 d&rsquo;une semelle ext\u00e9rieure r\u00e9sistante \u00e0 la chaleur, de propri\u00e9t\u00e9s ESD et d&rsquo;une excellente r\u00e9sistance au glissement. Elle est dot\u00e9e d&rsquo;un syst\u00e8me de la\u00e7age innovant pour un serrage plus rapide et un d\u00e9gagement rapide. La tige est compos\u00e9e d&rsquo;un textile r\u00e9sistant aux coupures [&hellip;]<\/p>\n","protected":false},"featured_media":2310,"comment_status":"open","ping_status":"closed","template":"","meta":[],"product_brand":[],"product_cat":[46,56],"product_tag":[],"class_list":{"0":"post-2309","1":"product","2":"type-product","3":"status-publish","4":"has-post-thumbnail","6":"product_cat-equipement-de-protection-individuelles","7":"product_cat-protection-des-pieds","9":"first","10":"instock","11":"taxable","12":"shipping-taxable","13":"product-type-simple"},"_links":{"self":[{"href":"https:\/\/saharatradings.com\/index.php\/wp-json\/wp\/v2\/product\/2309","targetHints":{"allow":["GET"]}}],"collection":[{"href":"https:\/\/saharatradings.com\/index.php\/wp-json\/wp\/v2\/product"}],"about":[{"href":"https:\/\/saharatradings.com\/index.php\/wp-json\/wp\/v2\/types\/product"}],"replies":[{"embeddable":true,"href":"https:\/\/saharatradings.com\/index.php\/wp-json\/wp\/v2\/comments?post=2309"}],"version-history":[{"count":0,"href":"https:\/\/saharatradings.com\/index.php\/wp-json\/wp\/v2\/product\/2309\/revisions"}],"wp:featuredmedia":[{"embeddable":true,"href":"https:\/\/saharatradings.com\/index.php\/wp-json\/wp\/v2\/media\/2310"}],"wp:attachment":[{"href":"https:\/\/saharatradings.com\/index.php\/wp-json\/wp\/v2\/media?parent=2309"}],"wp:term":[{"taxonomy":"product_brand","embeddable":true,"href":"https:\/\/saharatradings.com\/index.php\/wp-json\/wp\/v2\/product_brand?post=2309"},{"taxonomy":"product_cat","embeddable":true,"href":"https:\/\/saharatradings.com\/index.php\/wp-json\/wp\/v2\/product_cat?post=2309"},{"taxonomy":"product_tag","embeddable":true,"href":"https:\/\/saharatradings.com\/index.php\/wp-json\/wp\/v2\/product_tag?post=2309"}],"curies":[{"name":"wp","href":"https:\/\/api.w.org\/{rel}","templated":true}]}}