{"id":2302,"date":"2023-10-13T18:49:23","date_gmt":"2023-10-13T16:49:23","guid":{"rendered":"http:\/\/localhost\/saharatradings\/?post_type=product&#038;p=2302"},"modified":"2023-10-13T18:56:05","modified_gmt":"2023-10-13T16:56:05","slug":"hamilton-rugged-flex-waterproof-s3-safety-boot-noircarhartt","status":"publish","type":"product","link":"https:\/\/saharatradings.com\/index.php\/produit\/hamilton-rugged-flex-waterproof-s3-safety-boot-noircarhartt\/","title":{"rendered":"HAMILTON RUGGED FLEX\u2122 WATERPROOF S3 SAFETY BOOT &#8211; NOIR (CARHATT)"},"content":{"rendered":"<p>&nbsp;<\/p>\n<p><strong>HAMILTON RUGGED FLEX\u2122 WATERPROOF S3 SAFETY BOOT<\/strong><\/p>\n<p>&nbsp;<\/p>\n<p>CARACTERISTIQUE DE LA CHAUSSURE<\/p>\n<p>Une botte de s\u00e9curit\u00e9 polyvalente et imperm\u00e9able, fabriqu\u00e9e avec un cuir hydrotrait\u00e9 de qualit\u00e9, elle peut \u00eatre port\u00e9e ais\u00e9ment sur ou hors site, dans un environnement sec ou humide. Fabriqu\u00e9e avec un embout de s\u00e9curit\u00e9 en fibre de verre, cette botte est conforme aux normes S3 et prot\u00e9gera vos pieds d\u2032un poids et d\u2032un impact de 200 joules. Le confort est \u00e9galement assur\u00e9 par un collier doubl\u00e9 de cuir souple, une semelle enti\u00e8rement matelass\u00e9e avec absorption des chocs pour r\u00e9duire la fatigue, une plaque l\u00e9g\u00e8re non m\u00e9tallique anti-p\u00e9n\u00e9tration qui emp\u00eache les objets pointus de percer la semelle et de causer des blessures au pied. La semelle ext\u00e9rieure en caoutchouc Vibram<sup>\u00ae<\/sup>\u00a0offre une adh\u00e9rence suppl\u00e9mentaire dans la conception de sa sculpture, en plus de la r\u00e9sistance au glissement (SRC), de l\u2032isolation (HI), de la chaleur (HRO) et de la r\u00e9sistance \u00e0 l\u2032huile. Lorsque vous passez de nombreuses heures debout au travail, vos pieds risquent de gonfler au fil des heures. C\u2032est pourquoi Carhartt a con\u00e7u un ajustement qui permet \u00e0 ceux-ci de garder tout le confort dont ils ont besoin. Gardez \u00e0 l\u2032esprit que les chaussures Carhartt taillent une demi-taille de plus que votre pointure standard.<\/p>\n<p>Le cuir peut s\u2032\u00e9gratigner au contact de surfaces abrasives. Traitez le cuir en appliquant un cirage en cr\u00e8me \u00e0 l\u2032aide d\u2032un tissu doux.<\/p>\n<p>Sur la base d\u2032une taille UE 42:<br \/>\nHauteur: 13.5 cm\/ 5.3&Prime;- Poids: 800 Grammes<\/p>\n<ul>\n<li>REGULAR FIT<\/li>\n<li>Protection en fibre de verre \u00e0 l\u2032avant du pied<\/li>\n<li>Rugged Flex<sup>\u2122<\/sup>&#8211; Grande facilit\u00e9 de mouvement<\/li>\n<li>Storm Defender<sup>\u2122<\/sup>&#8211; Membrane lamin\u00e9e imperm\u00e9able respirante<\/li>\n<li>Vibram &#8211; Semelle haute performance durable pour am\u00e9liorer l\u2032adh\u00e9rence, la traction, la flexibilit\u00e9 et la r\u00e9sistance \u00e0 l\u2019usure<\/li>\n<li>Tige en cuir pleine fleur hydrotrait\u00e9e<\/li>\n<li>Col en cuir et doublure en mesh<\/li>\n<li>Membrane imperm\u00e9able Sportex (WRU)<\/li>\n<li>Fermeture \u00e0 lacets<\/li>\n<li>\u0152illets et crochets de la\u00e7age enduits de fer<\/li>\n<li>Semelle amovible avec amorti complet aux propri\u00e9t\u00e9s antibact\u00e9riennes, thermor\u00e9gulatrices et antistatiques<\/li>\n<li>Semelle textile antiperforation G z\u00e9ro<\/li>\n<li>Semelle interm\u00e9diaire en polyur\u00e9thane inject\u00e9<\/li>\n<li>Semelle ext\u00e9rieure en caoutchouc antistatique, r\u00e9sistant \u00e0 l\u2032huile, r\u00e9sistant \u00e0 la chaleur jusqu\u2032\u00e0 300C\u00b0 (HRO), isolation thermique (HI) et antid\u00e9rapante (SRC)<\/li>\n<li>La tige l\u00e9g\u00e8re minimise la fatigue<\/li>\n<li>AS\/NZS 2210.3 :2009<\/li>\n<li>EN ISO 20345:2012 (S3)<\/li>\n<\/ul>\n<p>&nbsp;<\/p>\n<p>&nbsp;<\/p>\n","protected":false},"excerpt":{"rendered":"<p>&nbsp; HAMILTON RUGGED FLEX\u2122 WATERPROOF S3 SAFETY BOOT &nbsp; CARACTERISTIQUE DE LA CHAUSSURE Une botte de s\u00e9curit\u00e9 polyvalente et imperm\u00e9able, fabriqu\u00e9e avec un cuir hydrotrait\u00e9 de qualit\u00e9, elle peut \u00eatre port\u00e9e ais\u00e9ment sur ou hors site, dans un environnement sec ou humide. Fabriqu\u00e9e avec un embout de s\u00e9curit\u00e9 en fibre de verre, cette botte est [&hellip;]<\/p>\n","protected":false},"featured_media":2303,"comment_status":"open","ping_status":"closed","template":"","meta":[],"product_brand":[],"product_cat":[46,56],"product_tag":[],"class_list":{"0":"post-2302","1":"product","2":"type-product","3":"status-publish","4":"has-post-thumbnail","6":"product_cat-equipement-de-protection-individuelles","7":"product_cat-protection-des-pieds","9":"first","10":"instock","11":"taxable","12":"shipping-taxable","13":"product-type-simple"},"_links":{"self":[{"href":"https:\/\/saharatradings.com\/index.php\/wp-json\/wp\/v2\/product\/2302","targetHints":{"allow":["GET"]}}],"collection":[{"href":"https:\/\/saharatradings.com\/index.php\/wp-json\/wp\/v2\/product"}],"about":[{"href":"https:\/\/saharatradings.com\/index.php\/wp-json\/wp\/v2\/types\/product"}],"replies":[{"embeddable":true,"href":"https:\/\/saharatradings.com\/index.php\/wp-json\/wp\/v2\/comments?post=2302"}],"version-history":[{"count":1,"href":"https:\/\/saharatradings.com\/index.php\/wp-json\/wp\/v2\/product\/2302\/revisions"}],"predecessor-version":[{"id":2308,"href":"https:\/\/saharatradings.com\/index.php\/wp-json\/wp\/v2\/product\/2302\/revisions\/2308"}],"wp:featuredmedia":[{"embeddable":true,"href":"https:\/\/saharatradings.com\/index.php\/wp-json\/wp\/v2\/media\/2303"}],"wp:attachment":[{"href":"https:\/\/saharatradings.com\/index.php\/wp-json\/wp\/v2\/media?parent=2302"}],"wp:term":[{"taxonomy":"product_brand","embeddable":true,"href":"https:\/\/saharatradings.com\/index.php\/wp-json\/wp\/v2\/product_brand?post=2302"},{"taxonomy":"product_cat","embeddable":true,"href":"https:\/\/saharatradings.com\/index.php\/wp-json\/wp\/v2\/product_cat?post=2302"},{"taxonomy":"product_tag","embeddable":true,"href":"https:\/\/saharatradings.com\/index.php\/wp-json\/wp\/v2\/product_tag?post=2302"}],"curies":[{"name":"wp","href":"https:\/\/api.w.org\/{rel}","templated":true}]}}