{"id":2271,"date":"2023-10-13T17:47:33","date_gmt":"2023-10-13T15:47:33","guid":{"rendered":"http:\/\/localhost\/saharatradings\/?post_type=product&#038;p=2271"},"modified":"2023-10-13T18:17:14","modified_gmt":"2023-10-13T16:17:14","slug":"casquettes-de-securite-wh-001","status":"publish","type":"product","link":"https:\/\/saharatradings.com\/index.php\/produit\/casquettes-de-securite-wh-001\/","title":{"rendered":"CASQUETTES DE SECURITE WH-001"},"content":{"rendered":"<p><strong>Instruction des utilisateurs :<\/strong><\/p>\n<p>&nbsp;<\/p>\n<p><strong>1.) Application et limitation de l&rsquo;utilisation<\/strong><\/p>\n<p>Ce casque est con\u00e7u pour fournir une protection \u00e0 la t\u00eate limit\u00e9e en r\u00e9duisant la force des petits objets chuchoirs frappant ou en p\u00e9n\u00e9trant au sommet de la coquille. Il n&rsquo;a pas \u00e9t\u00e9 con\u00e7u pour fournir une protection avant, lat\u00e9rale ou arri\u00e8re, ou la protection contre la p\u00e9n\u00e9tration, alors qu&rsquo;elle peut prot\u00e9ger contre les bosses lumineuses dans ces zones. \u00c9vitez le contact de ces dispositifs avec des fils \u00e9lectriques, tr\u00e8s basse temp\u00e9rature (-20 ou -30 \u00b0 C et tr\u00e8s \u00e9lev\u00e9e (+ 150).<\/p>\n<p>&nbsp;<\/p>\n<p><strong>2.) Inspection de pr\u00e9-utilisation<\/strong><\/p>\n<p>Faites toujours une inspection visuelle des casques imm\u00e9diatement avant d&rsquo;utiliser pour vous assurer qu&rsquo;il s&rsquo;agit d&rsquo;une condition utilisable et fonctionne correctement. Le casque ne devrait avoir aucune traction, une bure, une partie endommag\u00e9e, une partie manquante, des fissures ou des pauses pour assurer la s\u00e9curit\u00e9 des utilisateurs, l&rsquo;appareil doit r\u00e9guli\u00e8rement faire l\u2019objet des examens p\u00e9riodiques par mois par une personne comp\u00e9tente strictement dans la proc\u00e9dure d&rsquo;examen p\u00e9riodique du fabricant pour Efficacit\u00e9 continue et durabilit\u00e9 de l&rsquo;appareil.<\/p>\n<p>&nbsp;<\/p>\n<p><strong>3.) LifePan<\/strong><\/p>\n<p>On peut s&rsquo;attendre \u00e0 ce que le casque reste en service pendant 5 ans ou plus, lorsqu&rsquo;il n&rsquo;est pas endommag\u00e9 pendant l&rsquo;utilisation.<\/p>\n<p>&nbsp;<\/p>\n<p><strong>4.) Nettoyage et d\u00e9sinfection<\/strong><\/p>\n<p>Nettoyez le casque avec du savon doux et de l&rsquo;eau ti\u00e8de. N&rsquo;utilisez pas de peintures, de solvants, de produits chimiques, d&rsquo;adh\u00e9sifs, d&rsquo;essence ou de substances similaires sur ce casque. La r\u00e9sistance aux chocs et d&rsquo;autres propri\u00e9t\u00e9s de protection du casque peuvent \u00eatre d\u00e9truites par de telles substances. La perte de ces propri\u00e9t\u00e9s de protection peut ne pas \u00eatre apparente ou facilement d\u00e9tectable par l&rsquo;utilisateur. Apr\u00e8s chaque utilisation, la d\u00e9sinfection doit \u00eatre effectu\u00e9e et l&rsquo;utilisation d&rsquo;agents qui ne sont pas connus pour \u00eatre nocifs pour la sante.<\/p>\n<p>&nbsp;<\/p>\n<p><strong>5.) Stockage<\/strong><\/p>\n<p>Rangez le casque dans un endroit frais, sec et propre de la lumi\u00e8re directe du soleil. \u00c9vitez la zone o\u00f9 la chaleur, l&rsquo;humidit\u00e9, la lumi\u00e8re, l&rsquo;huile ou leurs vapeurs ou d&rsquo;autres \u00e9l\u00e9ments d\u00e9gradants peuvent \u00eatre pr\u00e9sents.<\/p>\n","protected":false},"excerpt":{"rendered":"<p>Instruction des utilisateurs : &nbsp; 1.) Application et limitation de l&rsquo;utilisation Ce casque est con\u00e7u pour fournir une protection \u00e0 la t\u00eate limit\u00e9e en r\u00e9duisant la force des petits objets chuchoirs frappant ou en p\u00e9n\u00e9trant au sommet de la coquille. Il n&rsquo;a pas \u00e9t\u00e9 con\u00e7u pour fournir une protection avant, lat\u00e9rale ou arri\u00e8re, ou la [&hellip;]<\/p>\n","protected":false},"featured_media":2272,"comment_status":"open","ping_status":"closed","template":"","meta":[],"product_brand":[],"product_cat":[46,54],"product_tag":[],"class_list":{"0":"post-2271","1":"product","2":"type-product","3":"status-publish","4":"has-post-thumbnail","6":"product_cat-equipement-de-protection-individuelles","7":"product_cat-protection-de-la-tete","9":"first","10":"instock","11":"taxable","12":"shipping-taxable","13":"product-type-simple"},"_links":{"self":[{"href":"https:\/\/saharatradings.com\/index.php\/wp-json\/wp\/v2\/product\/2271","targetHints":{"allow":["GET"]}}],"collection":[{"href":"https:\/\/saharatradings.com\/index.php\/wp-json\/wp\/v2\/product"}],"about":[{"href":"https:\/\/saharatradings.com\/index.php\/wp-json\/wp\/v2\/types\/product"}],"replies":[{"embeddable":true,"href":"https:\/\/saharatradings.com\/index.php\/wp-json\/wp\/v2\/comments?post=2271"}],"version-history":[{"count":0,"href":"https:\/\/saharatradings.com\/index.php\/wp-json\/wp\/v2\/product\/2271\/revisions"}],"wp:featuredmedia":[{"embeddable":true,"href":"https:\/\/saharatradings.com\/index.php\/wp-json\/wp\/v2\/media\/2272"}],"wp:attachment":[{"href":"https:\/\/saharatradings.com\/index.php\/wp-json\/wp\/v2\/media?parent=2271"}],"wp:term":[{"taxonomy":"product_brand","embeddable":true,"href":"https:\/\/saharatradings.com\/index.php\/wp-json\/wp\/v2\/product_brand?post=2271"},{"taxonomy":"product_cat","embeddable":true,"href":"https:\/\/saharatradings.com\/index.php\/wp-json\/wp\/v2\/product_cat?post=2271"},{"taxonomy":"product_tag","embeddable":true,"href":"https:\/\/saharatradings.com\/index.php\/wp-json\/wp\/v2\/product_tag?post=2271"}],"curies":[{"name":"wp","href":"https:\/\/api.w.org\/{rel}","templated":true}]}}