{"id":1543,"date":"2023-08-20T17:47:04","date_gmt":"2023-08-20T15:47:04","guid":{"rendered":"http:\/\/localhost\/saharatradings\/?page_id=1543"},"modified":"2023-12-27T02:13:00","modified_gmt":"2023-12-27T01:13:00","slug":"olm-gaz-petrol-gaz","status":"publish","type":"page","link":"https:\/\/saharatradings.com\/index.php\/olm-gaz-petrol-gaz\/","title":{"rendered":"Oil &#038; Gaz"},"content":{"rendered":"\t\t<div data-elementor-type=\"wp-page\" data-elementor-id=\"1543\" class=\"elementor elementor-1543\">\n\t\t\t\t\t\t<section class=\"elementor-section elementor-top-section elementor-element elementor-element-5969aa9 elementor-section-boxed elementor-section-height-default elementor-section-height-default\" data-id=\"5969aa9\" data-element_type=\"section\">\n\t\t\t\t\t\t<div class=\"elementor-container elementor-column-gap-default\">\n\t\t\t\t\t<div class=\"elementor-column elementor-col-100 elementor-top-column elementor-element elementor-element-84a909b\" data-id=\"84a909b\" data-element_type=\"column\">\n\t\t\t<div class=\"elementor-widget-wrap elementor-element-populated\">\n\t\t\t\t\t\t<div class=\"elementor-element elementor-element-b9deedc elementor-widget elementor-widget-heading\" data-id=\"b9deedc\" data-element_type=\"widget\" data-widget_type=\"heading.default\">\n\t\t\t\t<div class=\"elementor-widget-container\">\n\t\t\t\t\t<h2 class=\"elementor-heading-title elementor-size-default\">Bienvenue chez SAHARA TRADING Votre Partenaire de Confiance dans l'Industrie du P\u00e9trole et du Gaz<\/h2>\t\t\t\t<\/div>\n\t\t\t\t<\/div>\n\t\t\t\t\t<\/div>\n\t\t<\/div>\n\t\t\t\t\t<\/div>\n\t\t<\/section>\n\t\t\t\t<section class=\"elementor-section elementor-top-section elementor-element elementor-element-4ac9cf4 elementor-section-boxed elementor-section-height-default elementor-section-height-default\" data-id=\"4ac9cf4\" data-element_type=\"section\">\n\t\t\t\t\t\t<div class=\"elementor-container elementor-column-gap-default\">\n\t\t\t\t\t<div class=\"elementor-column elementor-col-100 elementor-top-column elementor-element elementor-element-f8f713b\" data-id=\"f8f713b\" data-element_type=\"column\">\n\t\t\t<div class=\"elementor-widget-wrap elementor-element-populated\">\n\t\t\t\t\t\t<div class=\"elementor-element elementor-element-d313a1d elementor-widget elementor-widget-text-editor\" data-id=\"d313a1d\" data-element_type=\"widget\" data-widget_type=\"text-editor.default\">\n\t\t\t\t<div class=\"elementor-widget-container\">\n\t\t\t\t\t\t\t\t\t<p>Chez <strong>SAHARA TRADING<\/strong>, nous sommes fiers d&rsquo;\u00eatre votre partenaire privil\u00e9gi\u00e9 dans la fourniture de mat\u00e9riels et d&rsquo;\u00e9quipements de pointe pour l&rsquo;industrie du p\u00e9trole et du gaz. Forts de notre engagement envers l&rsquo;excellence et l&rsquo;innovation, nous proposons une gamme compl\u00e8te de solutions sp\u00e9cialis\u00e9es con\u00e7ues pour r\u00e9pondre aux d\u00e9fis uniques de ce secteur strat\u00e9gique.<\/p>\n<p><strong>Solutions Compl\u00e8tes pour l&rsquo;Exploration, la Production et la Raffinerie<\/strong><\/p>\n<p>Que vous soyez impliqu\u00e9 dans l&rsquo;exploration des gisements, la production p\u00e9troli\u00e8re ou le raffinage du gaz, nos mat\u00e9riels et \u00e9quipements sont sp\u00e9cialement adapt\u00e9s \u00e0 chaque \u00e9tape du processus. Des plates-formes de fourrage offshore aux unit\u00e9s de traitement du gaz en passant par les pompes et compresseurs sp\u00e9cialis\u00e9s, nous vous fournissons des solutions compl\u00e8tes pour optimiser vos op\u00e9rations.<\/p>\n<p><strong>Technologie de Pointe pour une Efficacit\u00e9 Op\u00e9rationnelle Maximale<\/strong><\/p>\n<p>Nous comprenons l&rsquo;importance cruciale de l&rsquo;efficacit\u00e9 op\u00e9rationnelle dans l&rsquo;industrie du p\u00e9trole et du gaz. C&rsquo;est pourquoi nos mat\u00e9riels int\u00e8grent les derni\u00e8res avanc\u00e9es technologiques, garantissant des performances maximales, une fiabilit\u00e9 in\u00e9gal\u00e9e et une r\u00e9duction des temps d&rsquo;arr\u00eat. Notre engagement envers l&rsquo;innovation vous permet de rester en t\u00eate de la courbe technologique.<\/p>\n<p><strong>S\u00e9curit\u00e9, Fiabilit\u00e9 et Conformit\u00e9 aux Normes les Plus Strictes<\/strong><\/p>\n<p>La s\u00e9curit\u00e9 est notre priorit\u00e9 absolue. Tous nos mat\u00e9riels et \u00e9quipements sont con\u00e7us et fabriqu\u00e9s selon les normes les plus strictes de l&rsquo;industrie. Vous pouvez avoir confiance en la fiabilit\u00e9 de nos produits, assurant ainsi la s\u00e9curit\u00e9 de votre personnel et de vos op\u00e9rations. De plus, nous sommes engag\u00e9s \u00e0 respecter les r\u00e9glementations environnementales pour minimiser l&rsquo;impact de nos activit\u00e9s sur l&rsquo;environnement.<\/p>\n<p><strong>Service Client de Premier Ordre<\/strong><\/p>\n<p>Notre \u00e9quipe d\u00e9vou\u00e9e d&rsquo;experts est pr\u00eate \u00e0 collaborer avec vous \u00e0 chaque \u00e9tape de votre projet. Que vous ayez besoin de conseils sur la s\u00e9lection des \u00e9quipements, de services de maintenance ou de formations sp\u00e9cialis\u00e9es, nous sommes l\u00e0 pour vous assister. Votre succ\u00e8s est notre succ\u00e8s, et nous nous engageons \u00e0 vous fournir un service client de premier ordre.<\/p>\n<p><strong>Contactez SAHARA TRADING pour des Solutions Adapt\u00e9es \u00e0 Vos Besoins<\/strong><\/p>\n<p>Que vous soyez une grande entreprise p\u00e9troli\u00e8re internationale ou une entreprise locale en pleine croissance, <strong>SAHARA TRADING<\/strong> est pr\u00eat \u00e0 \u00eatre votre partenaire de confiance. Contactez-nous d\u00e8s aujourd&rsquo;hui pour discuter de la mani\u00e8re dont nos mat\u00e9riels et \u00e9quipements peuvent contribuer au succ\u00e8s continu de vos op\u00e9rations dans l&rsquo;industrie du p\u00e9trole et du gaz.<\/p>\t\t\t\t\t\t\t\t<\/div>\n\t\t\t\t<\/div>\n\t\t\t\t\t<\/div>\n\t\t<\/div>\n\t\t\t\t\t<\/div>\n\t\t<\/section>\n\t\t\t\t<section class=\"elementor-section elementor-top-section elementor-element elementor-element-79e915a elementor-section-boxed elementor-section-height-default elementor-section-height-default\" data-id=\"79e915a\" data-element_type=\"section\">\n\t\t\t\t\t\t<div class=\"elementor-container elementor-column-gap-default\">\n\t\t\t\t\t<div class=\"elementor-column elementor-col-100 elementor-top-column elementor-element elementor-element-8f5b129\" data-id=\"8f5b129\" data-element_type=\"column\">\n\t\t\t<div class=\"elementor-widget-wrap elementor-element-populated\">\n\t\t\t\t\t\t<div class=\"elementor-element elementor-element-20d348f elementor-widget elementor-widget-button\" data-id=\"20d348f\" data-element_type=\"widget\" data-widget_type=\"button.default\">\n\t\t\t\t<div class=\"elementor-widget-container\">\n\t\t\t\t\t\t\t\t\t<div class=\"elementor-button-wrapper\">\n\t\t\t\t\t<a class=\"elementor-button elementor-button-link elementor-size-sm\" href=\"#\">\n\t\t\t\t\t\t<span class=\"elementor-button-content-wrapper\">\n\t\t\t\t\t\t\t\t\t<span class=\"elementor-button-text\">Nous contacter<\/span>\n\t\t\t\t\t<\/span>\n\t\t\t\t\t<\/a>\n\t\t\t\t<\/div>\n\t\t\t\t\t\t\t\t<\/div>\n\t\t\t\t<\/div>\n\t\t\t\t\t<\/div>\n\t\t<\/div>\n\t\t\t\t\t<\/div>\n\t\t<\/section>\n\t\t\t\t<\/div>\n\t\t","protected":false},"excerpt":{"rendered":"<p>Bienvenue chez SAHARA TRADING Votre Partenaire de Confiance dans l&rsquo;Industrie du P\u00e9trole et du Gaz Chez SAHARA TRADING, nous sommes fiers d&rsquo;\u00eatre votre partenaire privil\u00e9gi\u00e9 dans la fourniture de mat\u00e9riels et d&rsquo;\u00e9quipements de pointe pour l&rsquo;industrie du p\u00e9trole et du gaz. Forts de notre engagement envers l&rsquo;excellence et l&rsquo;innovation, nous proposons une gamme compl\u00e8te de [&hellip;]<\/p>\n","protected":false},"author":1,"featured_media":0,"parent":0,"menu_order":0,"comment_status":"closed","ping_status":"closed","template":"","meta":{"footnotes":""},"class_list":["post-1543","page","type-page","status-publish","hentry"],"blocksy_meta":[],"_links":{"self":[{"href":"https:\/\/saharatradings.com\/index.php\/wp-json\/wp\/v2\/pages\/1543","targetHints":{"allow":["GET"]}}],"collection":[{"href":"https:\/\/saharatradings.com\/index.php\/wp-json\/wp\/v2\/pages"}],"about":[{"href":"https:\/\/saharatradings.com\/index.php\/wp-json\/wp\/v2\/types\/page"}],"author":[{"embeddable":true,"href":"https:\/\/saharatradings.com\/index.php\/wp-json\/wp\/v2\/users\/1"}],"replies":[{"embeddable":true,"href":"https:\/\/saharatradings.com\/index.php\/wp-json\/wp\/v2\/comments?post=1543"}],"version-history":[{"count":11,"href":"https:\/\/saharatradings.com\/index.php\/wp-json\/wp\/v2\/pages\/1543\/revisions"}],"predecessor-version":[{"id":3007,"href":"https:\/\/saharatradings.com\/index.php\/wp-json\/wp\/v2\/pages\/1543\/revisions\/3007"}],"wp:attachment":[{"href":"https:\/\/saharatradings.com\/index.php\/wp-json\/wp\/v2\/media?parent=1543"}],"curies":[{"name":"wp","href":"https:\/\/api.w.org\/{rel}","templated":true}]}}